 + 3 = -3*h, 2*q = h + g. What is the units digit of q?
3
Let p(i) = -i**3 + 6*i**2 + 7*i + 8. Let g be p(6). Suppose -h + 6*h = g. Suppose 2*s = 2*x + 14, -4*x - 4 = -2*s + h. What is the units digit of s?
7
Suppose 0 = 16*w - 22*w - 312. Suppose 5*m - 420 = 30. Let p = w + m. What is the tens digit of p?
3
Let x = -143 - -172. What is the tens digit of x?
2
Let y = -4850 + 7099. What is the thousands digit of y?
2
Let y = 1064 + -223. What is the units digit of y?
1
Let s(v) = 3*v**2 - 6*v - 137. What is the hundreds digit of s(14)?
3
Let h = 803 + -35. What is the tens digit of h?
6
Let b be (2/(-1) + -2)/(-2). Let d be (1 - 2)/(-3 - -2). Suppose -2*h = 4*z - 56, d = -2*h + b*z + 57. What is the units digit of h?
8
Let f be (0 - 2/10) + (-161)/(-5). Let x = f + -19. What is the units digit of x?
3
Suppose 3*p - 1371 = 4*a, 4*p - 7*p + 1371 = -3*a. What is the tens digit of p?
5
Let q = -17 + 21. Suppose 0 = -3*t + d - 4*d + 54, -3*t + 53 = q*d. What is the tens digit of t?
1
Let k(w) = -w + 4. Let v(x) be the second derivative of x**5/20 - 5*x**4/6 - 11*x**3/6 - 3*x. Let b be v(11). What is the units digit of k(b)?
4
Suppose 10*z = 5*c + 5*z - 100, 110 = 5*c - 3*z. What is the units digit of c?
5
Suppose -4*b - 17 = -541. Let o = -61 + b. What is the tens digit of o?
7
Suppose 5 = -5*h, -3*v - 2*h + 13 = -3*h. Let q be (-2)/v*(-26 + 4). Suppose -19 = -2*w - q. What is the units digit of w?
4
Let x(s) = 2*s + 5. Let h be (-9)/((-27)/(-6)) - 3*-7. What is the tens digit of x(h)?
4
Suppose -s + 98 + 1405 = 0. What is the tens digit of (-4)/22 - s/(-99)?
1
Let d = -3 - -11. Let q = d - 3. Suppose -4*c - q*i + 132 = 0, 3*i = -c + 14 + 19. What is the tens digit of c?
3
Suppose 4*r + 1063 = 5*n, -5*r + 201 = 132*n - 131*n. What is the hundreds digit of n?
2
Let k(p) = 17*p - 13. Let b(j) be the third derivative of -3*j**4/8 + 7*j**3/6 + 2*j**2. Let u(l) = 11*b(l) + 6*k(l). What is the tens digit of u(4)?
1
Suppose 5*j - 18789 = -4*b, -5*b = 3*j - 17213 + 5950. What is the tens digit of j?
6
Let l = 345 - 132. Let p = 361 - l. What is the tens digit of p?
4
Let g(j) = -j**2 + 35*j**3 + 3 - 33*j**3 + 6*j - 7*j**2. What is the tens digit of g(6)?
8
Suppose -2*h - 2*j - 62 = 0, -5*j = 4*h - 45 + 172. Let q be (-212)/28 + 12/h. What is the units digit of -14*2/q*2?
7
Suppose 0 = 18*t - 21*t. Suppose 4*i - j - 206 = 0, t*j = i + 2*j - 47. What is the units digit of i?
1
Suppose 4*b - 264 = -2*l, 2*l - 384 = -l - 2*b. Suppose 3*w = 6*w - l. What is the units digit of w?
2
Let x(b) = -b**2 - 4*b + 4. Let k be x(-4). Suppose 0 - 32 = -q - l, 0 = -k*l - 16. Suppose 4*a + a - 5*t = 155, a - 2*t = q. What is the tens digit of a?
2
Let p(c) = 17*c**3 - 2*c. Let s be p(2). Let f = s - 93. Let n = f + -9. What is the units digit of n?
0
Let o(r) = -63*r - 29. What is the units digit of o(-8)?
5
Suppose 0 = -4*l + a + 549, 0 = -5*l + 6*l - 3*a - 151. Suppose l = u + u. What is the units digit of u?
8
Let d be (-1 + (-57)/15)/(6/(-340)). What is the tens digit of d/20*-5*3/(-3)?
6
Suppose 3782 = 14*k - 460. What is the hundreds digit of k?
3
What is the tens digit of (101/(-7))/(51/(-119))*90?
3
Let o(l) = -5*l**2 + l - 1. Let k be o(-2). Let n = 17 - k. Suppose -4*b = -3*b - n. What is the units digit of b?
0
Suppose -13*j + 4*j + 4320 = 0. Suppose 5*b - 11*b + j = 0. What is the tens digit of b?
8
Let p be 16/88 + 772/(-11). Let o(q) = -q**2 - 19*q - 37. Let c be o(-22). Let a = p - c. What is the tens digit of a?
3
Let v(b) be the first derivative of -b**3/3 + 5*b**2 + 14*b + 8. Let q be v(11). Suppose -4*r + 5*m + 98 = -58, -q*m = -12. What is the units digit of r?
4
Let x = -213 - -422. Let w = x + -121. Suppose -w = -5*n + 37. What is the units digit of n?
5
Suppose 5*f - 1338 = 617. Let p = f + -277. Suppose a = 3*b - 0*b + 38, -3*a - b = -p. What is the units digit of a?
8
Let u be (12/(-8))/(3/(-6)). Let h(t) = 6*t**2 - t - 6. Let w(m) = 23*m**2 - 4*m - 23. Let n(c) = -22*h(c) + 6*w(c). What is the units digit of n(u)?
2
Let n be 3*(-2)/(-6) + -4. Let v = 34 + n. Suppose 4*x + v = 167. What is the tens digit of x?
3
Let r be 2 + -3 + 2 + 3. Suppose r*c - 273 = q + 233, -c + 5*q = -117. What is the units digit of c?
7
Let q = -303 - -552. What is the tens digit of q?
4
Let n be ((-397)/(-2))/((-2)/(-4)). Let l = n - 250. What is the hundreds digit of l?
1
Suppose 4*b - 5*b - 1135 = 5*r, 0 = 5*r + 5. What is the tens digit of 12/54 - b/18?
6
Suppose -4*z = 5*v - 21, 4*z - 8 = -v + 9. What is the units digit of (4/10)/(15/2550) - z?
4
Let q = 610 + -366. What is the units digit of q?
4
What is the hundreds digit of -1 - 127974/(-49) - (-6)/21?
6
Suppose -o = w - 5513, 5*w - 27573 = 6*o - 3*o. What is the units digit of w?
4
Let w(j) = j**3 - 11*j**2 + j + 14. Suppose 3*k = -3*q + 21, 4*q + 0*q = -16. What is the tens digit of w(k)?
2
Let w be (-31 - -2)*1*(2 + -1). Let q = 31 - w. What is the tens digit of q?
6
Suppose -335 = -5*o - 5*p, -1 = 4*p - 5. Let f = -26 + o. What is the tens digit of f?
4
Let u(l) = 2*l + 1. Let s be u(1). Let y be 10/4*48/60. Suppose -m = s*g - 4*g + 9, 4*g = y*m + 44. What is the units digit of g?
3
Let o = 197 + 516. What is the hundreds digit of o?
7
Suppose 4*r = 1 + 15. Let u be 104/24 - 8/6. What is the tens digit of (4 - u)*(r + 51)?
5
Let o(s) = s**3 - 26*s**2 + 14*s - 12. What is the tens digit of o(26)?
5
Let a = 426 - 252. Suppose -34 = 4*n - a. Let k = -19 + n. What is the units digit of k?
6
Let q = -16 + 20. Let d(g) = 6*g + 5*g**2 + 0 + g**3 + 0 - q*g - 3. What is the units digit of d(-4)?
5
Let p = -678 + 1215. What is the units digit of p?
7
Let b(i) = 4*i**2 - 18*i + 15. What is the tens digit of b(5)?
2
Let b(u) = -u**2 - 7*u - 7. Let w(c) = -c**2 - 2*c + 3. Let s be w(-4). Let f be b(s). Suppose 10 = f*i - 2*i - g, -35 = -2*i - g. What is the units digit of i?
5
Let s = 35 + -32. Suppose y = -s, -y - 120 = -3*t - 4*y. What is the units digit of t?
3
What is the units digit of 10*((-3)/(-1) + -2 - -5)?
0
Suppose -42 = 44*u - 47*u. Let b = 14 + u. What is the units digit of b?
8
Let g(u) = 4*u + 294. What is the tens digit of g(-29)?
7
Let y(v) = 3 + 3*v + 2*v - 2*v - 1 + 168*v**2. What is the hundreds digit of y(-1)?
1
Suppose 500 = -3*a - 3*r + 1565, 356 = a + 2*r. What is the tens digit of a?
5
Let s = 14 - 11. Let q(u) = 8*u**2 - 8 - s - 7*u**2. What is the units digit of q(5)?
4
What is the tens digit of (-2 + 2178/12)*2/1?
5
Let v(j) be the third derivative of -j**5/60 + 7*j**4/24 + 7*j**3/6 - 3*j**2. What is the units digit of v(6)?
3
Let f(j) = 1004*j**2 + 41*j - 40. What is the tens digit of f(1)?
0
Let w(v) = -4*v - 7. Let t = -6 - -4. Let j be ((-42)/(-49))/(t/14). What is the units digit of w(j)?
7
Suppose 0 = w + 7*j - 2*j - 28, 0 = -3*w + 2*j - 1. Suppose -2*y + 2*l = 2*y - 144, 130 = w*y + 4*l. What is the tens digit of y?
3
Let v(y) be the third derivative of -y**4/24 + 10*y**3/3 - 2*y**2. What is the tens digit of v(-12)?
3
Let i(b) be the third derivative of b**5/30 - 7*b**4/12 + 19*b**3/6 + 9*b**2. What is the units digit of i(8)?
5
Let q(f) = -f - 2. Let m be q(14). Let z = -19 - m. What is the tens digit of -9*(5/z + -3)?
4
Let p(l) = -4*l**2 + 7*l - 7. Let v(r) = -r**2 + r. Let i(x) = p(x) - 5*v(x). What is the units digit of i(-5)?
8
Let l = 53 - 83. Let i be 10/l + (-1)/(-3). What is the units digit of (-2)/(-1) - (i + -3)?
5
Let q(x) = x**3 + 21*x**2 - 24*x - 40. Let r be q(-22). Suppose -3*f - 2*f - 481 = -4*p, -4*p + r*f + 476 = 0. What is the units digit of p?
4
Let z = 1321 - 1249. What is the units digit of z?
2
Suppose 53*l = 42*l + 9185. What is the units digit of l?
5
Let q be -5 + -2*(-16)/4. Suppose z = q*z - 504. What is the hundreds digit of z?
2
Let h(m) = -2*m**3 + 2*m**2 - 21*m - 97. What is the units digit of h(-8)?
3
Let j(n) = 3*n**2 + 14*n + 19. Let l be j(-8). Suppose -4*u = -41 - l. What is the tens digit of u?
3
Let p(b) = 128*b**2 + 6*b - 1. What is the units digit of p(-2)?
9
Let f = 184 + -28. Suppose -m - m = 3*g - f, -3*m - 4*g + 233 = 0. What is the tens digit of m?
7
Let m(i) = i**3 - 3*i**2 - i - 9. Let y be m(4). Suppose -5*n = 0, -5*w + y + 2 = -3*n. What is the tens digit of -2*w + (-105)/(-3)?
3
Let p = 689 - 47. What is the units digit of p?
2
Let 